t b(w) = w**3 - 7*w**2 - 2*w + 12. Let n be b(7). Let s be (-289)/(-3) - n/(-6). Let z = 151 - s. What is the tens digit of z?
5
Let z(u) = u**2 - 14*u + 16. Let m be z(13). Suppose m*t = 4*t - 16. What is the units digit of ((-69)/2)/((-12)/t)?
6
Suppose 2*j + 7727 = 5*s - 9433, 4*j + 10296 = 3*s. What is the hundreds digit of s?
4
Let b be 5*(-2 - 1*14/(-2)). Suppose -5*f + 5 = -b. What is the units digit of f?
6
Suppose -87*h - 2*p + 1563 = -86*h, 0 = 5*h - p - 7771. What is the units digit of h?
5
Let l = -24 + 24. Suppose 5*a = -l*a + 820. Let h = a - 117. What is the tens digit of h?
4
Suppose -8*l + 46 = 6. What is the hundreds digit of (l - 308/20)*(-25)/2?
1
Suppose 0*z = -5*z + 180. Suppose 3*u = -u + z. Suppose 45 = 3*q + u. What is the tens digit of q?
1
Let j = 6 - 4. Suppose 105 + 55 = j*u. What is the units digit of u?
0
Suppose 1 = -2*u + 3*u + 3*r, 4*u - r + 61 = 0. Let w(v) = -v + 8. Let n(b) = 1. Let g(p) = -3*n(p) + 3*w(p). What is the tens digit of g(u)?
6
Let w(d) = 39*d + 36. Let h(y) = 10*y + 9. Let u(v) = 15*h(v) - 4*w(v). Let p be u(-14). Let q = p - 54. What is the tens digit of q?
2
Let x(w) = w + 7. Let h be x(-7). Let a be 2 - (h + -18) - 2. Let f = a - 13. What is the units digit of f?
5
Let u = -8 - -7. What is the units digit of (28/(-16) + -3)/(u/28)?
3
Suppose -n + 3*h + 16 = 0, -5*h - 12 = 2*n - 0*h. Suppose n*y + 22 = 3*o - 0*o, -3*o + 36 = 3*y. What is the units digit of 3/((-15)/o) - -3?
1
Suppose 0 = -13*g - 14367 + 35336. What is the tens digit of g?
1
Suppose -78*q + 2473 = -1973. What is the units digit of q?
7
Let b(f) = f + 5. Let m be b(6). Let c(d) = 5 + 6*d - 28*d + m*d. What is the units digit of c(-2)?
7
Suppose 14*w - 17*w + 6 = 0. Suppose 0*a + 122 = 2*a - 2*s, w*a = -5*s + 108. What is the units digit of a?
9
Let q = -149 - -151. Suppose q*i = 67 + 185. What is the tens digit of i?
2
What is the hundreds digit of (2 - -624) + -2 + -2?
6
Let t(u) = 24*u + 29. What is the hundreds digit of t(13)?
3
Suppose -r + 3*p = 2*r - 1029, 15 = -5*p. Let t be 12/15*r/8. Suppose -2*f + 14 = c, -c + t = 4*f - 7*f. What is the tens digit of c?
2
Let r(a) = 85*a**2 - 4*a. What is the tens digit of r(-2)?
4
Suppose 0 = 5*n + 3*n - 496. Suppose -n = d - 2*d. What is the units digit of d?
2
Let q = 7 + -5. Suppose -q*d - 274 = 164. Let w = -150 - d. What is the units digit of w?
9
Let k be -5*2/3*-3. What is the units digit of (2 + 85)*k/15?
8
Suppose -213 = 3*c + 5*g - 1109, 2*c + 4*g - 594 = 0. What is the units digit of c?
7
Suppose 2*a - 5*r - 50 = 0, 87 = 5*a - 2*r - r. Let u = 28 - a. What is the units digit of u?
3
Let g be 88/(-12)*-84 + 5. Let t = g - 404. What is the units digit of t?
7
Suppose 9 = 6*l + 27. Let b be 1*4/(l - -7). Suppose 4*y - 2*v = 34, -b - 11 = -4*v. What is the tens digit of y?
1
Let t(a) = 13*a**2 + 8*a + 4. Let z be (-28)/6 - (-2)/3. What is the hundreds digit of t(z)?
1
Let z(g) = -g + 24. Let x be z(5). Let m = x - -1. What is the units digit of m?
0
Suppose -2*j - 2*j = -5*z + 16, 8 = 2*z. What is the tens digit of (-151)/(-3)*(j - (-8)/4)?
5
Let b be -1 - (2 - -3*7). Let l = -17 + 17. What is the units digit of (b/3)/(-2) + l?
4
Suppose 4*j = m + 31, 3*j + 5*m - 2*m = 27. Suppose -5*s = -j*s + 75. What is the units digit of s?
5
Let k = 2561 - 1109. What is the tens digit of k?
5
Suppose 0 = -5*b - 0 + 10. What is the tens digit of b*(-2)/8*860/(-10)?
4
Let r be ((-6)/4)/(-3)*4. Suppose 0 = 5*p - 5*v - 125, -r*v + 100 = 8*p - 4*p. What is the units digit of p?
5
Let h = 1112 - 433. What is the tens digit of h?
7
Let q = 1199 - -2985. What is the tens digit of q?
8
Let h be 69/21 - (-8)/(-28). Suppose 0 = 3*a - 0*a + y - 166, -h*y - 42 = -a. What is the units digit of a?
4
Let b(c) = 158*c - 41. Let t be b(5). Suppose 4*v - t = 3*n, 4*v - 759 = n - 0*n. What is the units digit of v?
1
Suppose 5*o - 20 = 2*h + 7, 4*o + 4 = 0. Let x = 148 + -72. Let i = h + x. What is the tens digit of i?
6
Suppose -6*w + 3804 = -4*w - 4*d, 4*w - 2*d = 7608. What is the hundreds digit of w?
9
Let h = 24 + -22. Suppose 0*a - h*a = -86. What is the units digit of a?
3
Let l(g) be the third derivative of -g**6/120 + g**5/15 - g**4/12 - 5*g**3/6 + 2*g**2. Let o be l(4). Let n = o + 17. What is the units digit of n?
4
Let a(c) = 5*c**2 - 14. Let g be a(-6). Let t = -126 + g. What is the units digit of t?
0
Suppose -b + 3*r = -6524, 2*b + 3*r - 1970 - 11060 = 0. What is the hundreds digit of b?
5
Let t(p) = -3*p - 1. Suppose -1 = -5*o + 4*i, -4*i - 2 = -3*o - 3*i. Let b be t(o). Let v = 10 + b. What is the units digit of v?
6
Suppose 37*a = 19*a + 19710. What is the tens digit of a?
9
Let a be 1/(1 - 1/2). Suppose -179 = -3*s + h + h, -a*s = -2*h - 120. What is the tens digit of s?
5
Let t(j) = 5*j**2 - 5*j - 5. Let o be t(5). Suppose o = w + 17. What is the tens digit of w?
7
Suppose -960 = -99*j + 59*j. What is the tens digit of j?
2
Let w(u) = 6*u**2 - 10*u + 10. Suppose -6*m - 2*m = -32. What is the units digit of w(m)?
6
Let o be 10/(-30)*0/2. Let w(m) = -m**2 + 2*m + 258. Let v be w(o). Suppose -4*s - 66 = -v. What is the tens digit of s?
4
Suppose -658 = 11*q + 3654. Let a = 593 + q. What is the hundreds digit of a?
2
Let g(k) = 3*k + 29. Let j be g(-9). Suppose -160 = -j*x - 2*x. What is the units digit of x?
0
What is the tens digit of 6/4*16912/42?
0
Suppose -5*a = -5*i - 2*a + 757, -5*i + 5*a = -755. Suppose 4*m = -0*m + i. What is the units digit of m?
8
Let w = 4193 + -2118. What is the thousands digit of w?
2
Let m = 6 - 2. Suppose 0 = -m*w - w + 3*p + 244, 4*p = -3*w + 129. Suppose k + q - w = -3*q, -113 = -3*k - 5*q. What is the units digit of k?
1
Let r(q) = 12*q**2 - 6*q - 24. Let x be r(8). Suppose 0 = 3*s - 9*s + x. What is the hundreds digit of s?
1
Suppose 6*p - 1776 = 558. What is the tens digit of p?
8
Suppose -y = 8 + 7. Let b(o) = -o**2 - 20*o - 33. What is the units digit of b(y)?
2
Let f(w) = -2*w + 2. Let t be f(-1). Suppose -2*a = -n - 82, -t*n = -a - 4*a + 208. What is the units digit of a?
0
Suppose 3*r + d = 1067, -171 - 206 = -r + 5*d. What is the hundreds digit of r?
3
Suppose 4*x - 7*y + 2*y = 122, -23 = -x + 5*y. Let h be (-18)/12 + x/(-2). What is the units digit of (-66)/h - (-1)/3?
4
Suppose 0 = 15*x - 1854 - 27666. What is the thousands digit of x?
1
Let a be (4/(-6))/((-1)/3). Suppose 4*p = -a*s + 150, -2*p = s - 4*s + 209. What is the units digit of s?
1
Let c = 576 + 667. What is the tens digit of c?
4
Let d(l) = 3*l**3 + l**2 - 1. Let j be d(1). Suppose -j*b + 8*b = 425. Let o = -48 + b. What is the units digit of o?
7
Suppose -u + 4 = 0, 2*o + 2 = -4*u + 26. Suppose -3*j - 4*g = -157, o*j - 2*g - g - 226 = 0. What is the units digit of j?
5
Let d = -29 - -53. Suppose 0 = 7*w - 3*w - d. Suppose 3*v = 4*v - 2*c, 4*c = -v + w. What is the units digit of v?
2
Let v(s) = 94 - 23*s - 134 + 3*s. What is the hundreds digit of v(-10)?
1
Let g(q) = -q + 3 + q**2 + 3 + 10*q**2 + q**3. Let f be (-4 - -2)*11/2. What is the units digit of g(f)?
7
Let f be (-10)/(0 + -2) - 2. Suppose x = f*x - 18. Suppose -x*v + 4*v = -110. What is the units digit of v?
2
Let v = 2 - -6. Suppose -t - 5 = k, k = -v*t + 3*t - 1. What is the tens digit of 2/k - 248/(-6)?
4
Let w = -167 + 102. Suppose j = -u - 103, 304 = -3*j - 0*u - 2*u. Let m = w - j. What is the units digit of m?
3
Suppose -7*l = -11*l + 180. Suppose -9*w = -0*w - l. What is the units digit of w?
5
Suppose -c = 463 - 2339. What is the thousands digit of c?
1
Let j(p) = p + 5. Let o be j(6). Let u(h) = o*h - 6 + 0*h**2 + 7 + 4*h**2 - 2*h**2. What is the units digit of u(-8)?
1
Let c(t) = -34*t**3 + 1. Let l be c(1). Let g = l + 59. Let r = 47 - g. What is the units digit of r?
1
Let q(a) = a**2 - a - 4. Let b = -47 + 42. What is the units digit of q(b)?
6
Let i(t) = -119*t - 37. What is the tens digit of i(-10)?
5
Let q(b) = 13*b**2 - 3*b + 9. What is the units digit of q(-5)?
9
Let g(p) = -2*p**3 - 32*p**2 - 14*p - 18. What is the units digit of g(-17)?
8
Let w be 1*((-4 - -2) + -14). Let z be (1 - 2)/(4/w). Suppose -3*s = -z*s + t + 16, 0 = -4*t + 4. What is the units digit of s?
7
Let d = 47 + -50. What is the units digit of (2 + (d - (-17)/2))*6?
5
Suppose 8*w - 5*w = 39. Let d = w - 11. What is the tens digit of